{"id":573,"date":"2018-11-22T14:46:23","date_gmt":"2018-11-22T13:46:23","guid":{"rendered":"http:\/\/liptondrej.ecavlos.sk\/?page_id=573"},"modified":"2019-05-31T12:57:04","modified_gmt":"2019-05-31T10:57:04","slug":"sluzby-bozie","status":"publish","type":"page","link":"https:\/\/liptondrej.ecavlos.sk\/?page_id=573","title":{"rendered":"Slu\u017eby Bo\u017eie"},"content":{"rendered":"<div id=\"dslc-theme-content\"><div id=\"dslc-theme-content-inner\"><p><em>&#8220;Teda viera je z po\u010d\u00favania skrze slovo Kristovo.&#8221; Rim. 10:17<\/em><\/p>\n<p>Spolo\u010dn\u00e9 stret\u00e1vanie sa veriacich na Slu\u017eb\u00e1ch Bo\u017e\u00edch vytv\u00e1ra priestor na na\u010derpanie z Bo\u017eieho slova a sviatost\u00ed, posilnenie sa vo viere, ale aj na prejavenie v\u010faky a radosti za milos\u0165 a dar spasenia, ktor\u00fd nach\u00e1dzame v Je\u017ei\u0161ovi Kristovi. Do tohto spolo\u010denstva \u00faprimne poz\u00fdvame ka\u017ed\u00e9ho.<\/p>\n<p><strong><span style=\"color: #044ad6;\">Nede\u013en\u00e9 Slu\u017eby Bo\u017eie:<\/span><\/strong><\/p>\n<p><strong>09:30 hod.<\/strong> &#8211; Liptovsk\u00fd Ondrej, evanjelick\u00fd kostol<\/p>\n<p><strong>10:45 hod.<\/strong> &#8211; Jakubovany, modliteb\u0148a<\/p>\n<p><strong>14:00 hod.<\/strong> &#8211; Konsk\u00e1, modliteb\u0148a &#8211; 1. nede\u013ea v mesiaci (ne\u0161porn\u00e9 slu\u017eby Bo\u017eie)<\/p>\n<p>K\u00e1zne z niektor\u00fdch nedie\u013e s\u00fa dostupn\u00e9 <a href=\"http:\/\/liptondrej.ecavlos.sk\/?page_id=227\">tu<\/a>.<\/p>\n<p><strong><span style=\"color: #044ad6;\">Ostatn\u00e9 Slu\u017eby Bo\u017eie po\u010das cirkevn\u00e9ho roku:<\/span><\/strong><\/p>\n<p><span style=\"color: #008000;\">Viano\u010dn\u00e9 obdobie:<\/span><\/p>\n<p>\u0160tedr\u00fd ve\u010der:<\/p>\n<p>1. sl\u00e1vnos\u0165 viano\u010dn\u00e1:<\/p>\n<p>2. sl\u00e1vnos\u0165 viano\u010dn\u00e1:<\/p>\n<p>Koniec ob\u010dianskeho roku:<\/p>\n<p>Nov\u00fd rok:<\/p>\n<p>Zjavenie Krista P\u00e1na mudrcom:<\/p>\n<p><span style=\"color: #008000;\">Ve\u013ekono\u010dn\u00e9 obdobie:<\/span><\/p>\n<p>P\u00f4stne modlitebn\u00e9 ve\u010dierne:<\/p>\n<p>Zelen\u00fd \u0161tvrtok:<\/p>\n<p>Ve\u013ek\u00fd piatok:<\/p>\n<p>1. sl\u00e1vnos\u0165 ve\u013ekono\u010dn\u00e1:<\/p>\n<p>2. sl\u00e1vnos\u0165 ve\u013ekono\u010dn\u00e1:<\/p>\n<p><span style=\"color: #008000;\">Sv\u00e4todu\u0161n\u00e9 obdobie:<\/span><\/p>\n<p>Vst\u00fapenie Krista P\u00e1na na nebo:<\/p>\n<p>1. sl\u00e1vnos\u0165 sv\u00e4todu\u0161n\u00e1<\/p>\n<p>2. sl\u00e1vnos\u0165 sv\u00e4todu\u0161n\u00e1:<\/p>\n<p>Sviatok Sv\u00e4tej Trojice<\/p>\n<p><span style=\"color: #008000;\">Bezsl\u00e1vnostn\u00e1 \u010das\u0165 cirkevn\u00e9ho roka:<\/span><\/p>\n<\/div><\/div>","protected":false},"excerpt":{"rendered":"<p>&#8220;Teda viera je z po\u010d\u00favania skrze slovo Kristovo.&#8221; Rim. 10:17 Spolo\u010dn\u00e9 stret\u00e1vanie sa veriacich na Slu\u017eb\u00e1ch Bo\u017e\u00edch vytv\u00e1ra priestor na na\u010derpanie z Bo\u017eieho slova a sviatost\u00ed, posilnenie sa vo viere, ale aj na prejavenie v\u010faky a radosti za milos\u0165 a dar spasenia, ktor\u00fd nach\u00e1dzame v Je\u017ei\u0161ovi Kristovi. Do tohto spolo\u010denstva \u00faprimne poz\u00fdvame ka\u017ed\u00e9ho. Nede\u013en\u00e9 Slu\u017eby <a href=\"https:\/\/liptondrej.ecavlos.sk\/?page_id=573\" rel=\"nofollow\"><span class=\"sr-only\">Pre\u010d\u00edta\u0165 viac o Slu\u017eby Bo\u017eie<\/span>[&hellip;]<\/a><\/p>\n","protected":false},"author":1,"featured_media":154,"parent":190,"menu_order":0,"comment_status":"closed","ping_status":"closed","template":"","meta":[],"yoast_head":"<!-- This site is optimized with the Yoast SEO plugin v16.9 - https:\/\/yoast.com\/wordpress\/plugins\/seo\/ -->\n<title>Slu\u017eby Bo\u017eie - Cirkevn\u00fd zbor ECAV Liptovsk\u00fd Ondrej<\/title>\n<meta name=\"description\" content=\"Slu\u017eby Bo\u017eie v Liptovskom Ondreji\" \/>\n<meta name=\"robots\" content=\"index, follow, max-snippet:-1, max-image-preview:large, max-video-preview:-1\" \/>\n<link rel=\"canonical\" href=\"http:\/\/liptondrej.ecavlos.sk\/?page_id=573\" \/>\n<meta property=\"og:locale\" content=\"sk_SK\" \/>\n<meta property=\"og:type\" content=\"article\" \/>\n<meta property=\"og:title\" content=\"Slu\u017eby Bo\u017eie - Cirkevn\u00fd zbor ECAV Liptovsk\u00fd Ondrej\" \/>\n<meta property=\"og:description\" content=\"Slu\u017eby Bo\u017eie v Liptovskom Ondreji\" \/>\n<meta property=\"og:url\" content=\"http:\/\/liptondrej.ecavlos.sk\/?page_id=573\" \/>\n<meta property=\"og:site_name\" content=\"Cirkevn\u00fd zbor ECAV Liptovsk\u00fd Ondrej\" \/>\n<meta property=\"article:modified_time\" content=\"2019-05-31T10:57:04+00:00\" \/>\n<meta property=\"og:image\" content=\"http:\/\/liptondrej.ecavlos.sk\/wp-content\/uploads\/2018\/09\/pexels-photo-1112048.jpeg\" \/>\n\t<meta property=\"og:image:width\" content=\"2250\" \/>\n\t<meta property=\"og:image:height\" content=\"1500\" \/>\n<meta name=\"twitter:card\" content=\"summary\" \/>\n<meta name=\"twitter:label1\" content=\"Predpokladan\u00fd \u010das \u010d\u00edtania\" \/>\n\t<meta name=\"twitter:data1\" content=\"1 min\u00fata\" \/>\n<script type=\"application\/ld+json\" class=\"yoast-schema-graph\">{\"@context\":\"https:\/\/schema.org\",\"@graph\":[{\"@type\":\"WebSite\",\"@id\":\"http:\/\/liptondrej.ecavlos.sk\/#website\",\"url\":\"http:\/\/liptondrej.ecavlos.sk\/\",\"name\":\"Cirkevn\\u00fd zbor ECAV Liptovsk\\u00fd Ondrej\",\"description\":\"Cirkevn\\u00fd zbor ECAV Liptovsk\\u00fd Ondrej\",\"potentialAction\":[{\"@type\":\"SearchAction\",\"target\":{\"@type\":\"EntryPoint\",\"urlTemplate\":\"http:\/\/liptondrej.ecavlos.sk\/?s={search_term_string}\"},\"query-input\":\"required name=search_term_string\"}],\"inLanguage\":\"sk-SK\"},{\"@type\":\"ImageObject\",\"@id\":\"http:\/\/liptondrej.ecavlos.sk\/?page_id=573#primaryimage\",\"inLanguage\":\"sk-SK\",\"url\":\"https:\/\/liptondrej.ecavlos.sk\/wp-content\/uploads\/2018\/09\/pexels-photo-1112048.jpeg\",\"contentUrl\":\"https:\/\/liptondrej.ecavlos.sk\/wp-content\/uploads\/2018\/09\/pexels-photo-1112048.jpeg\",\"width\":2250,\"height\":1500},{\"@type\":\"WebPage\",\"@id\":\"http:\/\/liptondrej.ecavlos.sk\/?page_id=573#webpage\",\"url\":\"http:\/\/liptondrej.ecavlos.sk\/?page_id=573\",\"name\":\"Slu\\u017eby Bo\\u017eie - Cirkevn\\u00fd zbor ECAV Liptovsk\\u00fd Ondrej\",\"isPartOf\":{\"@id\":\"http:\/\/liptondrej.ecavlos.sk\/#website\"},\"primaryImageOfPage\":{\"@id\":\"http:\/\/liptondrej.ecavlos.sk\/?page_id=573#primaryimage\"},\"datePublished\":\"2018-11-22T13:46:23+00:00\",\"dateModified\":\"2019-05-31T10:57:04+00:00\",\"description\":\"Slu\\u017eby Bo\\u017eie v Liptovskom Ondreji\",\"breadcrumb\":{\"@id\":\"http:\/\/liptondrej.ecavlos.sk\/?page_id=573#breadcrumb\"},\"inLanguage\":\"sk-SK\",\"potentialAction\":[{\"@type\":\"ReadAction\",\"target\":[\"http:\/\/liptondrej.ecavlos.sk\/?page_id=573\"]}]},{\"@type\":\"BreadcrumbList\",\"@id\":\"http:\/\/liptondrej.ecavlos.sk\/?page_id=573#breadcrumb\",\"itemListElement\":[{\"@type\":\"ListItem\",\"position\":1,\"name\":\"Domovsk\\u00e1 str\\u00e1nka\",\"item\":\"http:\/\/liptondrej.ecavlos.sk\/\"},{\"@type\":\"ListItem\",\"position\":2,\"name\":\"\\u017divot zboru\",\"item\":\"http:\/\/liptondrej.ecavlos.sk\/?page_id=190\"},{\"@type\":\"ListItem\",\"position\":3,\"name\":\"Slu\\u017eby Bo\\u017eie\"}]}]}<\/script>\n<!-- \/ Yoast SEO plugin. -->","yoast_head_json":{"title":"Slu\u017eby Bo\u017eie - Cirkevn\u00fd zbor ECAV Liptovsk\u00fd Ondrej","description":"Slu\u017eby Bo\u017eie v Liptovskom Ondreji","robots":{"index":"index","follow":"follow","max-snippet":"max-snippet:-1","max-image-preview":"max-image-preview:large","max-video-preview":"max-video-preview:-1"},"canonical":"http:\/\/liptondrej.ecavlos.sk\/?page_id=573","og_locale":"sk_SK","og_type":"article","og_title":"Slu\u017eby Bo\u017eie - Cirkevn\u00fd zbor ECAV Liptovsk\u00fd Ondrej","og_description":"Slu\u017eby Bo\u017eie v Liptovskom Ondreji","og_url":"http:\/\/liptondrej.ecavlos.sk\/?page_id=573","og_site_name":"Cirkevn\u00fd zbor ECAV Liptovsk\u00fd Ondrej","article_modified_time":"2019-05-31T10:57:04+00:00","og_image":[{"width":2250,"height":1500,"url":"http:\/\/liptondrej.ecavlos.sk\/wp-content\/uploads\/2018\/09\/pexels-photo-1112048.jpeg","path":"\/nfsmnt\/hosting1_2\/d\/e\/de24334e-0c52-41d5-8fa2-5076dbdaed30\/ecavlos.sk\/sub\/liptondrej\/wp-content\/uploads\/2018\/09\/pexels-photo-1112048.jpeg","size":"full","id":154,"alt":"","pixels":3375000,"type":"image\/jpeg"}],"twitter_card":"summary","twitter_misc":{"Predpokladan\u00fd \u010das \u010d\u00edtania":"1 min\u00fata"},"schema":{"@context":"https:\/\/schema.org","@graph":[{"@type":"WebSite","@id":"http:\/\/liptondrej.ecavlos.sk\/#website","url":"http:\/\/liptondrej.ecavlos.sk\/","name":"Cirkevn\u00fd zbor ECAV Liptovsk\u00fd Ondrej","description":"Cirkevn\u00fd zbor ECAV Liptovsk\u00fd Ondrej","potentialAction":[{"@type":"SearchAction","target":{"@type":"EntryPoint","urlTemplate":"http:\/\/liptondrej.ecavlos.sk\/?s={search_term_string}"},"query-input":"required name=search_term_string"}],"inLanguage":"sk-SK"},{"@type":"ImageObject","@id":"http:\/\/liptondrej.ecavlos.sk\/?page_id=573#primaryimage","inLanguage":"sk-SK","url":"https:\/\/liptondrej.ecavlos.sk\/wp-content\/uploads\/2018\/09\/pexels-photo-1112048.jpeg","contentUrl":"https:\/\/liptondrej.ecavlos.sk\/wp-content\/uploads\/2018\/09\/pexels-photo-1112048.jpeg","width":2250,"height":1500},{"@type":"WebPage","@id":"http:\/\/liptondrej.ecavlos.sk\/?page_id=573#webpage","url":"http:\/\/liptondrej.ecavlos.sk\/?page_id=573","name":"Slu\u017eby Bo\u017eie - Cirkevn\u00fd zbor ECAV Liptovsk\u00fd Ondrej","isPartOf":{"@id":"http:\/\/liptondrej.ecavlos.sk\/#website"},"primaryImageOfPage":{"@id":"http:\/\/liptondrej.ecavlos.sk\/?page_id=573#primaryimage"},"datePublished":"2018-11-22T13:46:23+00:00","dateModified":"2019-05-31T10:57:04+00:00","description":"Slu\u017eby Bo\u017eie v Liptovskom Ondreji","breadcrumb":{"@id":"http:\/\/liptondrej.ecavlos.sk\/?page_id=573#breadcrumb"},"inLanguage":"sk-SK","potentialAction":[{"@type":"ReadAction","target":["http:\/\/liptondrej.ecavlos.sk\/?page_id=573"]}]},{"@type":"BreadcrumbList","@id":"http:\/\/liptondrej.ecavlos.sk\/?page_id=573#breadcrumb","itemListElement":[{"@type":"ListItem","position":1,"name":"Domovsk\u00e1 str\u00e1nka","item":"http:\/\/liptondrej.ecavlos.sk\/"},{"@type":"ListItem","position":2,"name":"\u017divot zboru","item":"http:\/\/liptondrej.ecavlos.sk\/?page_id=190"},{"@type":"ListItem","position":3,"name":"Slu\u017eby Bo\u017eie"}]}]}},"_links":{"self":[{"href":"https:\/\/liptondrej.ecavlos.sk\/index.php?rest_route=\/wp\/v2\/pages\/573"}],"collection":[{"href":"https:\/\/liptondrej.ecavlos.sk\/index.php?rest_route=\/wp\/v2\/pages"}],"about":[{"href":"https:\/\/liptondrej.ecavlos.sk\/index.php?rest_route=\/wp\/v2\/types\/page"}],"author":[{"embeddable":true,"href":"https:\/\/liptondrej.ecavlos.sk\/index.php?rest_route=\/wp\/v2\/users\/1"}],"replies":[{"embeddable":true,"href":"https:\/\/liptondrej.ecavlos.sk\/index.php?rest_route=%2Fwp%2Fv2%2Fcomments&post=573"}],"version-history":[{"count":5,"href":"https:\/\/liptondrej.ecavlos.sk\/index.php?rest_route=\/wp\/v2\/pages\/573\/revisions"}],"predecessor-version":[{"id":590,"href":"https:\/\/liptondrej.ecavlos.sk\/index.php?rest_route=\/wp\/v2\/pages\/573\/revisions\/590"}],"up":[{"embeddable":true,"href":"https:\/\/liptondrej.ecavlos.sk\/index.php?rest_route=\/wp\/v2\/pages\/190"}],"wp:featuredmedia":[{"embeddable":true,"href":"https:\/\/liptondrej.ecavlos.sk\/index.php?rest_route=\/wp\/v2\/media\/154"}],"wp:attachment":[{"href":"https:\/\/liptondrej.ecavlos.sk\/index.php?rest_route=%2Fwp%2Fv2%2Fmedia&parent=573"}],"curies":[{"name":"wp","href":"https:\/\/api.w.org\/{rel}","templated":true}]}}